{"id":17541,"date":"2024-11-12T10:56:46","date_gmt":"2024-11-12T10:56:46","guid":{"rendered":"https:\/\/halizer.com\/?post_type=product&#038;p=17541"},"modified":"2025-03-05T08:02:46","modified_gmt":"2025-03-05T08:02:46","slug":"karmen-hali-trend-04101a","status":"publish","type":"product","link":"https:\/\/halizer.com\/?product=karmen-hali-trend-04101a","title":{"rendered":"KARMEN HALI TREND TR4101"},"content":{"rendered":"<h2><span data-darkreader-inline-color=\"\">Karmen Hal\u0131 Trend Tr4101 Gri \u2013 Modern ve Yumu\u015fak Hal\u0131<\/span><\/h2>\n<h3><span data-darkreader-inline-color=\"\">\u00a0\u00dcr\u00fcn \u00d6zellikleri<\/span><\/h3>\n<p><span data-darkreader-inline-color=\"\">Karmen Hal\u0131 Trend Tr4101, evinizin her odas\u0131nda \u015f\u0131kl\u0131k ve konfor sunmak i\u00e7in tasarlanm\u0131\u015ft\u0131r. Modern tarz\u0131, mutfaktan oturma odas\u0131na kadar her alanda m\u00fckemmel bir uyum sa\u011flar. Gri tonlar\u0131n\u0131n sakinle\u015ftirici etkisiyle, her mekana zarif bir dokunu\u015f ekler.<\/span><\/p>\n<h3><span data-darkreader-inline-color=\"\">\u00a0Teknik Detaylar<\/span><\/h3>\n<ul>\n<li aria-level=\"1\"><span data-darkreader-inline-color=\"\">Malzeme:<\/span><span data-darkreader-inline-color=\"\"> Triko Akrilik, Pamuk<\/span><\/li>\n<li aria-level=\"1\"><span data-darkreader-inline-color=\"\">Taban Malzemesi:<\/span><span data-darkreader-inline-color=\"\"> Pamuk<\/span><\/li>\n<li aria-level=\"1\"><span data-darkreader-inline-color=\"\">Hav Y\u00fcksekli\u011fi:<\/span><span data-darkreader-inline-color=\"\"> 7 mm (\u00b11 mm)<\/span><\/li>\n<li aria-level=\"1\"><span data-darkreader-inline-color=\"\">M\u00b2 A\u011f\u0131rl\u0131\u011f\u0131:<\/span><span data-darkreader-inline-color=\"\"> 2300 gr\/m\u00b2 (\u00b1200 gr)<\/span><\/li>\n<li aria-level=\"1\"><span data-darkreader-inline-color=\"\">Ek \u00d6zellikler:<\/span><span data-darkreader-inline-color=\"\"> Tozu Az, Yumu\u015fak Dokulu<\/span><\/li>\n<\/ul>\n<h3><span data-darkreader-inline-color=\"\">\u00a0Neden Tercih Etmelisiniz?<\/span><\/h3>\n<ul>\n<li aria-level=\"1\"><span data-darkreader-inline-color=\"\">Modern Tasar\u0131m:<\/span><span data-darkreader-inline-color=\"\"> Gri tonlar\u0131yla modern ve sade bir g\u00f6r\u00fcn\u00fcm sunar, her dekorasyona uyum sa\u011flar.<\/span><\/li>\n<li aria-level=\"1\"><span data-darkreader-inline-color=\"\">Yumu\u015fak ve Konforlu:<\/span><span data-darkreader-inline-color=\"\"> Triko akrilik malzemesi sayesinde yumu\u015fak dokusu ile rahat bir zemin sa\u011flar.<\/span><\/li>\n<li aria-level=\"1\"><span data-darkreader-inline-color=\"\">Toz Tutmaz:<\/span><span data-darkreader-inline-color=\"\"> Tozu az yap\u0131s\u0131yla temizli\u011fi kolayd\u0131r, g\u00fcnl\u00fck kullan\u0131mda pratiklik sunar.<\/span><\/li>\n<li aria-level=\"1\"><span data-darkreader-inline-color=\"\">Dayan\u0131kl\u0131 ve Uzun \u00d6m\u00fcrl\u00fc:<\/span><span data-darkreader-inline-color=\"\"> Pamuk taban malzemesiyle sa\u011flam ve dayan\u0131kl\u0131d\u0131r.<\/span><\/li>\n<\/ul>\n<h3><span data-darkreader-inline-color=\"\">\u00a0Dikkat Edilmesi Gerekenler<\/span><\/h3>\n<ul>\n<li aria-level=\"1\"><span data-darkreader-inline-color=\"\">\u00dcr\u00fcnlerimizde do\u011fal elyaf ve pamuk atk\u0131 kullan\u0131ld\u0131\u011f\u0131 i\u00e7in %3 oran\u0131nda \u00e7ekme olabilir.<\/span><\/li>\n<li aria-level=\"1\"><span data-darkreader-inline-color=\"\">Tekstil \u00fcr\u00fcnlerinde ipliklerin boyanmas\u0131ndan dolay\u0131 renk farkl\u0131l\u0131klar\u0131 olabilir.<\/span><\/li>\n<\/ul>\n","protected":false},"excerpt":{"rendered":"<p>Karmen Hal\u0131 Trend Tr4101 Gri \u2013 Modern ve Yumu\u015fak Hal\u0131 \u00a0\u00dcr\u00fcn \u00d6zellikleri Karmen Hal\u0131 Trend Tr4101, evinizin her odas\u0131nda \u015f\u0131kl\u0131k ve konfor sunmak i\u00e7in tasarlanm\u0131\u015ft\u0131r. Modern tarz\u0131, mutfaktan oturma odas\u0131na kadar her alanda m\u00fckemmel bir uyum sa\u011flar. Gri tonlar\u0131n\u0131n sakinle\u015ftirici etkisiyle, her mekana zarif bir dokunu\u015f ekler. \u00a0Teknik Detaylar Malzeme: Triko Akrilik, Pamuk Taban Malzemesi:&#8230;<\/p>\n","protected":false},"featured_media":17550,"comment_status":"open","ping_status":"closed","template":"","meta":{"_kadence_starter_templates_imported_post":false,"_kad_post_transparent":"default","_kad_post_title":"","_kad_post_layout":"default","_kad_post_sidebar_id":"","_kad_post_content_style":"default","_kad_post_vertical_padding":"default","_kad_post_feature":"","_kad_post_feature_position":"","_kad_post_header":false,"_kad_post_footer":false,"_kad_post_classname":""},"product_brand":[],"product_cat":[115],"product_tag":[],"class_list":{"0":"post-17541","1":"product","2":"type-product","3":"status-publish","4":"has-post-thumbnail","6":"product_cat-makine-halilari","8":"first","9":"instock","10":"sale","11":"shipping-taxable","12":"purchasable","13":"product-type-variable","14":"entry","15":"content-bg","16":"loop-entry"},"jetpack_sharing_enabled":true,"_links":{"self":[{"href":"https:\/\/halizer.com\/index.php?rest_route=\/wp\/v2\/product\/17541","targetHints":{"allow":["GET"]}}],"collection":[{"href":"https:\/\/halizer.com\/index.php?rest_route=\/wp\/v2\/product"}],"about":[{"href":"https:\/\/halizer.com\/index.php?rest_route=\/wp\/v2\/types\/product"}],"replies":[{"embeddable":true,"href":"https:\/\/halizer.com\/index.php?rest_route=%2Fwp%2Fv2%2Fcomments&post=17541"}],"wp:featuredmedia":[{"embeddable":true,"href":"https:\/\/halizer.com\/index.php?rest_route=\/wp\/v2\/media\/17550"}],"wp:attachment":[{"href":"https:\/\/halizer.com\/index.php?rest_route=%2Fwp%2Fv2%2Fmedia&parent=17541"}],"wp:term":[{"taxonomy":"product_brand","embeddable":true,"href":"https:\/\/halizer.com\/index.php?rest_route=%2Fwp%2Fv2%2Fproduct_brand&post=17541"},{"taxonomy":"product_cat","embeddable":true,"href":"https:\/\/halizer.com\/index.php?rest_route=%2Fwp%2Fv2%2Fproduct_cat&post=17541"},{"taxonomy":"product_tag","embeddable":true,"href":"https:\/\/halizer.com\/index.php?rest_route=%2Fwp%2Fv2%2Fproduct_tag&post=17541"}],"curies":[{"name":"wp","href":"https:\/\/api.w.org\/{rel}","templated":true}]}}