{"id":18377,"date":"2024-12-25T22:41:02","date_gmt":"2024-12-25T22:41:02","guid":{"rendered":"https:\/\/halizer.com\/?post_type=product&#038;p=18377"},"modified":"2025-03-05T11:55:21","modified_gmt":"2025-03-05T11:55:21","slug":"karmen-hali-dark-dk018g","status":"publish","type":"product","link":"https:\/\/halizer.com\/?product=karmen-hali-dark-dk018g","title":{"rendered":"KARMEN HALI DARK DK018G"},"content":{"rendered":"<h2><span data-darkreader-inline-color=\"\">Karmen Hal\u0131 Dark Dk018g Gri Hal\u0131 Antrasit Detayl\u0131 Akrilik Tozuaz Modern Salon Hal\u0131s\u0131 Yatak Odas\u0131 Hal\u0131s\u0131 Koridor<\/span><\/h2>\n<h3><span data-darkreader-inline-color=\"\">\u00a0\u00dcr\u00fcn Genel Bak\u0131\u015f<\/span><\/h3>\n<p><span data-darkreader-inline-color=\"\">Karmen Hal\u0131 Dark Dk018g, \u015f\u0131k gri ve antrasit renklerin modern tasar\u0131mla bulu\u015ftu\u011fu bir hal\u0131d\u0131r. Triko akrilik ve pamuk kar\u0131\u015f\u0131m\u0131 malzemesi ile hem dayan\u0131kl\u0131l\u0131k hem de yumu\u015fakl\u0131k sunar. 9 mm hav y\u00fcksekli\u011fi ile konforlu bir dokunu\u015f sa\u011flayan bu hal\u0131, toz tutmayan yap\u0131s\u0131yla evinizi temiz tutman\u0131za yard\u0131mc\u0131 olur. Kaymaz taban\u0131 sayesinde g\u00fcvenli kullan\u0131m sunar. 2400 gr\/m\u00b2 a\u011f\u0131rl\u0131\u011f\u0131 ile y\u00fcksek kalite ve uzun \u00f6m\u00fcrl\u00fc bir \u00fcr\u00fcn olan bu hal\u0131, salon, yatak odas\u0131 ve koridor gibi alanlar i\u00e7in idealdir.<\/span><\/p>\n<h3><span data-darkreader-inline-color=\"\">\u00a0Teknik \u00d6zellikler<\/span><\/h3>\n<ul>\n<li aria-level=\"1\"><span data-darkreader-inline-color=\"\">Malzeme:<\/span><span data-darkreader-inline-color=\"\"> Triko Akrilik, Pamuk<\/span><\/li>\n<li aria-level=\"1\"><span data-darkreader-inline-color=\"\">Taban Malzemesi:<\/span><span data-darkreader-inline-color=\"\"> Pamuk<\/span><\/li>\n<li aria-level=\"1\"><span data-darkreader-inline-color=\"\">Hav Y\u00fcksekli\u011fi:<\/span><span data-darkreader-inline-color=\"\"> 9 mm (\u00b11 mm)<\/span><\/li>\n<li aria-level=\"1\"><span data-darkreader-inline-color=\"\">M\u00b2 A\u011f\u0131rl\u0131\u011f\u0131:<\/span><span data-darkreader-inline-color=\"\"> 2400 gr\/m\u00b2 (\u00b1200 gr)<\/span><\/li>\n<li aria-level=\"1\"><span data-darkreader-inline-color=\"\">Ek \u00d6zellikler:<\/span><span data-darkreader-inline-color=\"\"> Tozu Az, Kaymaz Taban<\/span><\/li>\n<\/ul>\n<h3><span data-darkreader-inline-color=\"\">\u00a0Neden Bu Hal\u0131y\u0131 Se\u00e7melisiniz?<\/span><\/h3>\n<ul>\n<li aria-level=\"1\"><span data-darkreader-inline-color=\"\">Antrasit Detaylar:<\/span><span data-darkreader-inline-color=\"\"> Gri ve antrasit renklerinin modern uyumu, hal\u0131ya \u015f\u0131k ve sofistike bir hava katar.<\/span><\/li>\n<li aria-level=\"1\"><span data-darkreader-inline-color=\"\">Kaymaz Taban:<\/span><span data-darkreader-inline-color=\"\"> G\u00fcvenli kullan\u0131m i\u00e7in \u00f6zel olarak tasarlanan kaymaz taban\u0131 sayesinde hal\u0131, zemine sabitlenir.<\/span><\/li>\n<li aria-level=\"1\"><span data-darkreader-inline-color=\"\">Toz Yapmaz:<\/span><span data-darkreader-inline-color=\"\"> Hal\u0131, toz tutmayan yap\u0131s\u0131yla daha temiz ve d\u00fczenli bir ev ortam\u0131 sunar.<\/span><\/li>\n<li aria-level=\"1\"><span data-darkreader-inline-color=\"\">Yumu\u015fak ve Dayan\u0131kl\u0131:<\/span><span data-darkreader-inline-color=\"\"> 9 mm hav y\u00fcksekli\u011fi, rahat bir kullan\u0131m sa\u011flar ve akrilik yap\u0131s\u0131 sayesinde uzun \u00f6m\u00fcrl\u00fcd\u00fcr.<\/span><\/li>\n<li aria-level=\"1\"><span data-darkreader-inline-color=\"\">\u00c7ok Y\u00f6nl\u00fc Kullan\u0131m:<\/span><span data-darkreader-inline-color=\"\"> Salon, yatak odas\u0131 veya koridor gibi alanlarda modern bir g\u00f6r\u00fcn\u00fcm sunar.<\/span><\/li>\n<\/ul>\n<h3><span data-darkreader-inline-color=\"\">\u00a0Dikkat Edilmesi Gerekenler<\/span><\/h3>\n<ul>\n<li aria-level=\"1\"><span data-darkreader-inline-color=\"\">\u00dcr\u00fcnlerimizde do\u011fal elyaf ve pamuk atk\u0131 kullan\u0131ld\u0131\u011f\u0131 i\u00e7in %3 oran\u0131nda \u00e7ekme olabilir.<\/span><\/li>\n<li aria-level=\"1\"><span data-darkreader-inline-color=\"\">Tekstil \u00fcr\u00fcnlerinde ipliklerin boyanmas\u0131ndan dolay\u0131 k\u00fc\u00e7\u00fck renk farklar\u0131 (lot farklar\u0131) olu\u015fabilir.<\/span><\/li>\n<\/ul>\n<p><span data-darkreader-inline-color=\"\">Karmen Hal\u0131 Dark Dk018g, evinize modern ve \u015f\u0131k bir dokunu\u015f katmak isteyenler i\u00e7in m\u00fckemmel bir tercih. Hem estetik hem de fonksiyonel \u00f6zellikleri ile her mekana uyum sa\u011flar.<\/span><\/p>\n","protected":false},"excerpt":{"rendered":"<p>Karmen Hal\u0131 Dark Dk018g Gri Hal\u0131 Antrasit Detayl\u0131 Akrilik Tozuaz Modern Salon Hal\u0131s\u0131 Yatak Odas\u0131 Hal\u0131s\u0131 Koridor \u00a0\u00dcr\u00fcn Genel Bak\u0131\u015f Karmen Hal\u0131 Dark Dk018g, \u015f\u0131k gri ve antrasit renklerin modern tasar\u0131mla bulu\u015ftu\u011fu bir hal\u0131d\u0131r. Triko akrilik ve pamuk kar\u0131\u015f\u0131m\u0131 malzemesi ile hem dayan\u0131kl\u0131l\u0131k hem de yumu\u015fakl\u0131k sunar. 9 mm hav y\u00fcksekli\u011fi ile konforlu bir dokunu\u015f&#8230;<\/p>\n","protected":false},"featured_media":18391,"comment_status":"open","ping_status":"closed","template":"","meta":{"_kadence_starter_templates_imported_post":false,"_kad_post_transparent":"default","_kad_post_title":"","_kad_post_layout":"default","_kad_post_sidebar_id":"","_kad_post_content_style":"default","_kad_post_vertical_padding":"default","_kad_post_feature":"","_kad_post_feature_position":"","_kad_post_header":false,"_kad_post_footer":false,"_kad_post_classname":""},"product_brand":[],"product_cat":[115],"product_tag":[],"class_list":{"0":"post-18377","1":"product","2":"type-product","3":"status-publish","4":"has-post-thumbnail","6":"product_cat-makine-halilari","8":"first","9":"instock","10":"sale","11":"shipping-taxable","12":"purchasable","13":"product-type-variable","14":"entry","15":"content-bg","16":"loop-entry"},"jetpack_sharing_enabled":true,"_links":{"self":[{"href":"https:\/\/halizer.com\/index.php?rest_route=\/wp\/v2\/product\/18377","targetHints":{"allow":["GET"]}}],"collection":[{"href":"https:\/\/halizer.com\/index.php?rest_route=\/wp\/v2\/product"}],"about":[{"href":"https:\/\/halizer.com\/index.php?rest_route=\/wp\/v2\/types\/product"}],"replies":[{"embeddable":true,"href":"https:\/\/halizer.com\/index.php?rest_route=%2Fwp%2Fv2%2Fcomments&post=18377"}],"wp:featuredmedia":[{"embeddable":true,"href":"https:\/\/halizer.com\/index.php?rest_route=\/wp\/v2\/media\/18391"}],"wp:attachment":[{"href":"https:\/\/halizer.com\/index.php?rest_route=%2Fwp%2Fv2%2Fmedia&parent=18377"}],"wp:term":[{"taxonomy":"product_brand","embeddable":true,"href":"https:\/\/halizer.com\/index.php?rest_route=%2Fwp%2Fv2%2Fproduct_brand&post=18377"},{"taxonomy":"product_cat","embeddable":true,"href":"https:\/\/halizer.com\/index.php?rest_route=%2Fwp%2Fv2%2Fproduct_cat&post=18377"},{"taxonomy":"product_tag","embeddable":true,"href":"https:\/\/halizer.com\/index.php?rest_route=%2Fwp%2Fv2%2Fproduct_tag&post=18377"}],"curies":[{"name":"wp","href":"https:\/\/api.w.org\/{rel}","templated":true}]}}