{"id":18422,"date":"2024-12-26T00:05:15","date_gmt":"2024-12-26T00:05:15","guid":{"rendered":"https:\/\/halizer.com\/?post_type=product&#038;p=18422"},"modified":"2024-12-26T00:05:15","modified_gmt":"2024-12-26T00:05:15","slug":"karmen-hali-elegance-eg001a","status":"publish","type":"product","link":"https:\/\/halizer.com\/?product=karmen-hali-elegance-eg001a","title":{"rendered":"KARMEN HALI ELEGANCE EG001A"},"content":{"rendered":"<h3><span data-darkreader-inline-color=\"\">Karmen Hal\u0131 Elegance Eg001a Beyaz Hal\u0131 Gold Sedef Detayl\u0131 G\u00f6bekli Modern Viskon Do\u011fal \u0130plik Bambu Hal\u0131<\/span><\/h3>\n<h4><span data-darkreader-inline-color=\"\">\u00dcr\u00fcn A\u00e7\u0131klamas\u0131<\/span><\/h4>\n<p><span data-darkreader-inline-color=\"\">Karmen Hal\u0131 Elegance Eg001a, beyaz\u0131n safl\u0131\u011f\u0131n\u0131 ve gold sedef detaylar\u0131n\u0131n zarafetini yans\u0131tan modern ve \u015f\u0131k bir hal\u0131d\u0131r. G\u00f6bekli desen tasar\u0131m\u0131yla dikkat \u00e7eken bu hal\u0131, do\u011fal bambu ve viskon ipliklerden \u00fcretilmi\u015ftir. Toz tutmayan yap\u0131s\u0131 sayesinde hem konforu hem de temizlik kolayl\u0131\u011f\u0131n\u0131 bir arada sunar. Pamuk taban\u0131, hal\u0131n\u0131n dayan\u0131kl\u0131l\u0131\u011f\u0131n\u0131 art\u0131rarak uzun \u00f6m\u00fcrl\u00fc kullan\u0131m sa\u011flar.<\/span><\/p>\n<h4><span data-darkreader-inline-color=\"\">\u00d6zellikler<\/span><\/h4>\n<ul>\n<li aria-level=\"1\"><span data-darkreader-inline-color=\"\">Malzeme:<\/span><span data-darkreader-inline-color=\"\"> Viskon, Do\u011fal Bambu \u0130plik<\/span><\/li>\n<li aria-level=\"1\"><span data-darkreader-inline-color=\"\">Taban Malzemesi:<\/span><span data-darkreader-inline-color=\"\"> Pamuk<\/span><\/li>\n<li aria-level=\"1\"><span data-darkreader-inline-color=\"\">Hav Y\u00fcksekli\u011fi:<\/span><span data-darkreader-inline-color=\"\"> 9mm ( +\/- %1 mm)<\/span><\/li>\n<li aria-level=\"1\"><span data-darkreader-inline-color=\"\">M2 A\u011f\u0131rl\u0131\u011f\u0131:<\/span><span data-darkreader-inline-color=\"\"> 2200 gr\/m\u00b2 ( +\/- 200 gr)<\/span><\/li>\n<li aria-level=\"1\"><span data-darkreader-inline-color=\"\">Ek \u00d6zellikler:<\/span><span data-darkreader-inline-color=\"\"> Tozu Az, Pamuk Taban<\/span><\/li>\n<\/ul>\n<h4><span data-darkreader-inline-color=\"\">Neden Bu Hal\u0131y\u0131 Tercih Etmelisiniz?<\/span><\/h4>\n<ul>\n<li aria-level=\"1\"><span data-darkreader-inline-color=\"\">\u015e\u0131k ve Modern Tasar\u0131m:<\/span><span data-darkreader-inline-color=\"\"> G\u00f6bekli desen ve gold sedef detaylar\u0131yla zarif bir g\u00f6r\u00fcn\u00fcm sunar.<\/span><\/li>\n<li aria-level=\"1\"><span data-darkreader-inline-color=\"\">Yumu\u015fak ve Do\u011fal \u0130plik:<\/span><span data-darkreader-inline-color=\"\"> Viskon ve bambu iplikler, do\u011fal yumu\u015fakl\u0131k sa\u011flayarak rahat bir kullan\u0131m sunar.<\/span><\/li>\n<li aria-level=\"1\"><span data-darkreader-inline-color=\"\">Toz Tutmayan \u00d6zellik:<\/span><span data-darkreader-inline-color=\"\"> Toz tutmayan yap\u0131s\u0131 sayesinde hal\u0131n\u0131z her zaman temiz ve ferah g\u00f6r\u00fcn\u00fcr.<\/span><\/li>\n<li aria-level=\"1\"><span data-darkreader-inline-color=\"\">Dayan\u0131kl\u0131 Pamuk Taban:<\/span><span data-darkreader-inline-color=\"\"> Kaymaz ve dayan\u0131kl\u0131 pamuk taban\u0131 ile uzun \u00f6m\u00fcrl\u00fc kullan\u0131m sa\u011flar.<\/span><\/li>\n<\/ul>\n<h4><span data-darkreader-inline-color=\"\">Dikkat Edilmesi Gerekenler<\/span><\/h4>\n<p><span data-darkreader-inline-color=\"\">\u00dcr\u00fcnlerimizde do\u011fal elyaf ve pamuk atk\u0131 kullan\u0131ld\u0131\u011f\u0131 i\u00e7in %3 oran\u0131nda \u00e7ekme olabilir. Tekstil \u00fcr\u00fcnlerinde ipliklerin boyanmas\u0131ndan dolay\u0131 \u00fcr\u00fcnler aras\u0131nda k\u00fc\u00e7\u00fck renk farkl\u0131l\u0131klar\u0131 ya\u015fanabilir.<\/span><\/p>\n<p><span data-darkreader-inline-color=\"\">Evinizin her k\u00f6\u015fesine zarafet katacak bu hal\u0131 ile modern dekorasyonunuzu m\u00fckemmel \u015fekilde tamamlay\u0131n!<\/span><\/p>\n","protected":false},"excerpt":{"rendered":"<p>Karmen Hal\u0131 Elegance Eg001a Beyaz Hal\u0131 Gold Sedef Detayl\u0131 G\u00f6bekli Modern Viskon Do\u011fal \u0130plik Bambu Hal\u0131 \u00dcr\u00fcn A\u00e7\u0131klamas\u0131 Karmen Hal\u0131 Elegance Eg001a, beyaz\u0131n safl\u0131\u011f\u0131n\u0131 ve gold sedef detaylar\u0131n\u0131n zarafetini yans\u0131tan modern ve \u015f\u0131k bir hal\u0131d\u0131r. G\u00f6bekli desen tasar\u0131m\u0131yla dikkat \u00e7eken bu hal\u0131, do\u011fal bambu ve viskon ipliklerden \u00fcretilmi\u015ftir. Toz tutmayan yap\u0131s\u0131 sayesinde hem konforu hem&#8230;<\/p>\n","protected":false},"featured_media":18423,"comment_status":"open","ping_status":"closed","template":"","meta":{"_kadence_starter_templates_imported_post":false,"_kad_post_transparent":"default","_kad_post_title":"","_kad_post_layout":"default","_kad_post_sidebar_id":"","_kad_post_content_style":"default","_kad_post_vertical_padding":"default","_kad_post_feature":"","_kad_post_feature_position":"","_kad_post_header":false,"_kad_post_footer":false,"_kad_post_classname":""},"product_brand":[],"product_cat":[115],"product_tag":[],"class_list":{"0":"post-18422","1":"product","2":"type-product","3":"status-publish","4":"has-post-thumbnail","6":"product_cat-makine-halilari","8":"first","9":"instock","10":"sale","11":"shipping-taxable","12":"purchasable","13":"product-type-variable","14":"entry","15":"content-bg","16":"loop-entry"},"jetpack_sharing_enabled":true,"_links":{"self":[{"href":"https:\/\/halizer.com\/index.php?rest_route=\/wp\/v2\/product\/18422","targetHints":{"allow":["GET"]}}],"collection":[{"href":"https:\/\/halizer.com\/index.php?rest_route=\/wp\/v2\/product"}],"about":[{"href":"https:\/\/halizer.com\/index.php?rest_route=\/wp\/v2\/types\/product"}],"replies":[{"embeddable":true,"href":"https:\/\/halizer.com\/index.php?rest_route=%2Fwp%2Fv2%2Fcomments&post=18422"}],"wp:featuredmedia":[{"embeddable":true,"href":"https:\/\/halizer.com\/index.php?rest_route=\/wp\/v2\/media\/18423"}],"wp:attachment":[{"href":"https:\/\/halizer.com\/index.php?rest_route=%2Fwp%2Fv2%2Fmedia&parent=18422"}],"wp:term":[{"taxonomy":"product_brand","embeddable":true,"href":"https:\/\/halizer.com\/index.php?rest_route=%2Fwp%2Fv2%2Fproduct_brand&post=18422"},{"taxonomy":"product_cat","embeddable":true,"href":"https:\/\/halizer.com\/index.php?rest_route=%2Fwp%2Fv2%2Fproduct_cat&post=18422"},{"taxonomy":"product_tag","embeddable":true,"href":"https:\/\/halizer.com\/index.php?rest_route=%2Fwp%2Fv2%2Fproduct_tag&post=18422"}],"curies":[{"name":"wp","href":"https:\/\/api.w.org\/{rel}","templated":true}]}}