{"id":24282,"date":"2025-04-09T16:46:06","date_gmt":"2025-04-09T16:46:06","guid":{"rendered":"https:\/\/halizer.com\/?post_type=product&#038;p=24282"},"modified":"2025-04-09T16:46:06","modified_gmt":"2025-04-09T16:46:06","slug":"elexus-hali-diamond-3825","status":"publish","type":"product","link":"https:\/\/halizer.com\/?product=elexus-hali-diamond-3825","title":{"rendered":"Elexus Hal\u0131 Diamond 3825"},"content":{"rendered":"<p>Elexus Hal\u0131 Diamond, 16 mm hav y\u00fcksekli\u011finde, 2 milyon nokta s\u0131kl\u0131\u011f\u0131nda, akrilik ve bambu iplikten \u00fcretilmi\u015f modern bambu hal\u0131.<\/p>\n","protected":false},"excerpt":{"rendered":"<p>Elexus Hal\u0131 Diamond, 16 mm hav y\u00fcksekli\u011finde, 2 milyon nokta s\u0131kl\u0131\u011f\u0131nda, akrilik ve bambu iplikten \u00fcretilmi\u015f modern bambu hal\u0131.<\/p>\n","protected":false},"featured_media":24283,"comment_status":"open","ping_status":"closed","template":"","meta":{"_kadence_starter_templates_imported_post":false,"_kad_post_transparent":"default","_kad_post_title":"","_kad_post_layout":"default","_kad_post_sidebar_id":"","_kad_post_content_style":"default","_kad_post_vertical_padding":"default","_kad_post_feature":"","_kad_post_feature_position":"","_kad_post_header":false,"_kad_post_footer":false,"_kad_post_classname":""},"product_brand":[174],"product_cat":[72],"product_tag":[],"class_list":{"0":"post-24282","1":"product","2":"type-product","3":"status-publish","4":"has-post-thumbnail","6":"product_brand-elexus-hali","7":"product_cat-bambuhali","9":"first","10":"instock","11":"sale","12":"shipping-taxable","13":"purchasable","14":"product-type-variable","15":"entry","16":"content-bg","17":"loop-entry"},"jetpack_sharing_enabled":true,"_links":{"self":[{"href":"https:\/\/halizer.com\/index.php?rest_route=\/wp\/v2\/product\/24282","targetHints":{"allow":["GET"]}}],"collection":[{"href":"https:\/\/halizer.com\/index.php?rest_route=\/wp\/v2\/product"}],"about":[{"href":"https:\/\/halizer.com\/index.php?rest_route=\/wp\/v2\/types\/product"}],"replies":[{"embeddable":true,"href":"https:\/\/halizer.com\/index.php?rest_route=%2Fwp%2Fv2%2Fcomments&post=24282"}],"wp:featuredmedia":[{"embeddable":true,"href":"https:\/\/halizer.com\/index.php?rest_route=\/wp\/v2\/media\/24283"}],"wp:attachment":[{"href":"https:\/\/halizer.com\/index.php?rest_route=%2Fwp%2Fv2%2Fmedia&parent=24282"}],"wp:term":[{"taxonomy":"product_brand","embeddable":true,"href":"https:\/\/halizer.com\/index.php?rest_route=%2Fwp%2Fv2%2Fproduct_brand&post=24282"},{"taxonomy":"product_cat","embeddable":true,"href":"https:\/\/halizer.com\/index.php?rest_route=%2Fwp%2Fv2%2Fproduct_cat&post=24282"},{"taxonomy":"product_tag","embeddable":true,"href":"https:\/\/halizer.com\/index.php?rest_route=%2Fwp%2Fv2%2Fproduct_tag&post=24282"}],"curies":[{"name":"wp","href":"https:\/\/api.w.org\/{rel}","templated":true}]}}